). Calculate j(i).
-5
Let s(o) = o**2 - 13*o + 7. Suppose 13 - 3 = 5*w, 4*w + 28 = 3*q. Give s(q).
-5
Let p(c) be the second derivative of -c**5/20 + 5*c**4/6 + 13*c**3/6 - 25*c**2/2 - 613*c. Determine p(11).
-3
Let c(p) = p**3 + 13*p**2 - 13*p + 5. Let d be -2*(1/6 + 205/30). What is c(d)?
-9
Let n(k) = -k - 14. Let y be n(-7). Let c(d) = 174*d**3 - 1 + 174*d**3 - 8*d + 6*d**2 - 347*d**3 - 1. What is c(y)?
5
Let t(j) = j**2 - 3*j - 3. Suppose 8*z - 3*z + 20 = 0. Let a(k) = -8*k**2 - 21 - k**3 + 3*k**2 + 12 - 3*k + 11. Let w be a(z). Give t(w).
7
Let f(z) = 11*z + 2. Let n(c) = -17*c - 3. Let t(d) = -5*f(d) - 3*n(d). Suppose 4 = -4*m - 4. Calculate t(m).
7
Let x(q) = 8*q**2 - 493*q + q**3 - 5 - 4 + 252*q + 247*q + 3. What is x(-6)?
30
Let i(k) = k**2 - 13*k + 13. Let l be i(12). Let f(m) = -5*m**2 - 2*m + 1. Let s be f(l). Let z(y) = y**2 + 8*y + 7. What is z(s)?
-5
Let t(w) be the third derivative of -w**5/60 - 3*w**4/8 - 3*w**3/2 + 9*w**2. Determine t(-7).
5
Let j(c) = c**3. Let p(h) = -3*h**3 - 6*h**2 + 5*h + 1. Let z(y) = -4*j(y) - p(y). Let s be 100/6 + 1/3. Let b = -12 + s. Determine z(b).
-1
Suppose 0 = -3*d + 3*i - 21, -19 = 3*d - 5*i + 10. Let u be 19/d + (-1)/(-3). Let v(z) = -z**3 - 5*z**2 + 6*z + 6. Calculate v(u).
6
Let u = 22 + 28. Let k = u + -51. Let m(h) = h**2. Give m(k).
1
Let u(g) = -7*g - 30. Let s(i) = -i - 6. Let f(d) = 6*s(d) - u(d). What is f(7)?
1
Let y(k) = -2*k + 6. Let f be 3 + -1 + 2 + 3. Determine y(f).
-8
Let a(j) = 250*j - 5 - 486*j + 241*j. Determine a(-7).
-40
Let n(p) be the first derivative of p**4/4 + p**3 - 5*p**2/2 + 4*p + 83. Determine n(-4).
8
Let v be 3/(-18) + (-133)/(-42). Let i(g) = -145*g**3 + g + 136*g**3 + v*g**2 - 4*g**2. What is i(1)?
-9
Let o(t) = 10 - 22 - 25 + 2*t + 65. Calculate o(-15).
-2
Let l be (-3)/9*0/2. Let s(b) = -6*b - 11 - 4*b - b**2 + l*b. Let m be s(-8). Let v(z) = -z + 4. Calculate v(m).
-1
Let q(s) be the first derivative of 2*s**3/3 + 2*s**2 - 3*s + 84. What is q(-4)?
13
Suppose -4 = -l - 1. Let v(k) = -4*k + 1. What is v(l)?
-11
Let u(m) = m**2 + 6*m - 5. Suppose -18 = 18*d - 20*d. Suppose -d*r = -28 + 100. Calculate u(r).
11
Let f(n) be the third derivative of 7*n**5/60 - n**4/8 + n**3/6 - 8*n**2 + 7*n. Determine f(2).
23
Suppose -281*n = -283*n + 4. Let c(q) = 35 - 15 + q**n - 20 + q. What is c(3)?
12
Let i = -758 + 751. Let o(u) = u**2 + 4*u - 1. Calculate o(i).
20
Let d(s) = 3*s - 1. Let z(p) = 10*p - 2. Let b(j) = -7*d(j) + 2*z(j). Let a(v) = v**3 - 9*v**2 - v + 11. Let o be a(9). Give b(o).
1
Let w = -315 + 309. Let a(z) be the second derivative of z**5/20 + 7*z**4/12 + 7*z**3/6 + z**2 + 2*z. Determine a(w).
-4
Let s(h) be the first derivative of 3*h**2 + 3*h - 1. Let k(y) = 137*y + 7264. Let f be k(-53). Give s(f).
21
Suppose 5*h = -5 - 5. Let a(k) = k**3 - k**2 - k + 1. Let f(m) = 6*m**3 - 2*m**2 - 5*m + 3. Let n(r) = 4*a(r) - f(r). Calculate n(h).
7
Let i(x) = x**3 + 4*x**2 - 8*x - 7. Let d(a) = a**3 + 9*a**2 - 5. Let y be d(-9). Determine i(y).
8
Let x(i) = -7*i + 2. Let m(p) = 13*p - 3*p - 2 - 1. Let h(j) = -5*m(j) - 8*x(j). Let u be ((-4)/(-6))/(4/(-6)). What is h(u)?
-7
Let q(z) = z**3 - 4*z**2 - 2*z - 4. Let j be (-8)/(-6) - 8/(-3). Suppose -j*h = h - 20. Calculate q(h).
-12
Let k(c) be the second derivative of 1/12*c**4 + 0 + 3*c**2 - 5/6*c**3 + c. Suppose -67*d - 24*d - 42*d = -665. Calculate k(d).
6
Let w(c) = -33*c + c**2 - 44*c - 1 + 82*c - 4. Determine w(-5).
-5
Let k(d) = -20*d**2 - 2*d**3 + 0 + 25*d**2 + 0 + 1 + 5*d - 5. Calculate k(4).
-32
Let l(p) = p**2 + p - 1. Suppose 6 = -2*y + 26. Suppose -2*v + 5*m = -14 - 11, 5*v + y = -2*m. Suppose -20 + 5 = 5*w, v = 5*q + 4*w + 22. Give l(q).
1
Let q be ((-4)/(-2) + -3)*-27. Let u = -30 + q. Let y(v) = 1. Let z(r) = -r + 5. Let p(a) = -4*y(a) + z(a). Calculate p(u).
4
Let u(t) = -12*t - 42. Let j(q) = -31*q - 85. Let y(v) = -2*j(v) + 5*u(v). Give y(21).
2
Let l(k) = -k**3 + 12*k**2 - 12*k + 10. Let u be (9 - -1) + -12*(-11)/132. Calculate l(u).
-1
Let u(r) be the third derivative of r**4/12 - 5*r**3/2 - 26*r**2. Give u(7).
-1
Let d(t) be the second derivative of t**3/6 + 5*t**2/2 + 22*t. Calculate d(-8).
-3
Suppose -162 + 390 = -71*o + 14*o. Let d(s) = -3*s**2 + 4 + 4*s**2 - 2*s**2 - 3*s. Calculate d(o).
0
Let v = -1 - -1. Let p(h) = 16*h**2 - 7 + h + 19*h**2 - 19*h**2 - 15*h**2. Give p(v).
-7
Let q be -10*28/(-35) + -7. Let v be 3/((-6)/4 + 3). Let g(c) = 0*c**2 + 3*c**2 - 1 + c + 2*c**v + 0*c**2. Calculate g(q).
5
Suppose 9*f + 0 = -9. Let h(u) = -18*u - 1. Give h(f).
17
Let p(s) = 27*s - 13. Let o(f) = 33*f - 14. Let k(d) = 5*o(d) - 6*p(d). What is k(-6)?
-10
Let f(z) = -3 - 4*z**2 - 11002*z + 2*z**3 + 11004*z + 2*z**2. Let d = -3 - -3. Let c = d - -2. Give f(c).
9
Let n(s) = -4*s - 2*s + 5*s + 101 - 103. Suppose 5*k + 3*l = 4*k + 13, 4*k + 4*l = 12. Calculate n(k).
0
Let p be 0*1/(-4)*2. Suppose -7*t - 22 - 6 = p. Let o(z) = z**2 + 5*z + 5. Calculate o(t).
1
Let o(v) be the first derivative of v**4/4 + 2*v**3/3 - v**2/2 + 3*v - 6. Suppose 5*s + 16 - 1 = 0. What is o(s)?
-3
Let s(i) = -8*i**2 + 28*i - 17. Let u(o) = 11*o**2 - 41*o + 23. Let l(r) = 7*s(r) + 5*u(r). Let w be (-22)/4 + (-2)/4. Determine l(w).
14
Let n(q) be the third derivative of q**5/60 + q**4/4 - q**3/6 - 5*q**2. Let t = -5 + 4. Let l be t/1*(-3 + 6). Determine n(l).
-10
Suppose 49*y = -30*y. Let q(g) = -4*g + 2 + 2*g + g**2 + 3*g. Determine q(y).
2
Let j(u) = -11*u**3 + 17*u**2 - 8*u + 8. Suppose -3 - 33 = 4*v. Let b(t) = 5*t**3 - 8*t**2 + 4*t - 4. Let g(k) = v*b(k) - 4*j(k). Calculate g(3).
1
Let g = 29 + -30. Let c = -1 + 3. Let f(w) = -9*w**2 + w - c*w + 5*w**2. What is f(g)?
-3
Suppose -f = -p + 12, 0 = -p - 2*f - 0*f + 6. Let o be (-3)/(-15) + (-2)/p. Let t(j) = -4*j**2 + o*j**2 + 2*j**3 - 9*j - j**3 + 10*j. Determine t(2).
-6
Let x = 1166 + -1164. Let k(m) = 2*m + 2. Give k(x).
6
Let n(a) = -17*a - 1 + 2 + 23*a. Let d be 12/(-9)*3/(-1). Suppose z = -d*z - j + 9, 4*z + 8 = 3*j. Give n(z).
7
Let a(t) = t**2 - 5*t + 6. Suppose -2*q - 5*k = -22, 2*k - 76 = -5*q - 0*q. Suppose 4*i + 0*i - q = 0. Give a(i).
2
Let r(f) = -f**2 - 11*f - 1. Suppose -4*k - 32 = -0*l + 4*l, 4*k - 40 = 4*l. Determine r(l).
17
Let i(w) be the first derivative of 10 - 1/4*w**4 + 0*w**3 + w**2 + 3*w. Suppose -10 = -f + 6*f. Determine i(f).
7
Let s(i) = -5*i - 2. Suppose -7 = 4*l + 5*a - 30, -2 = 2*l - 2*a. Calculate s(l).
-12
Let v be (3 - 2)*-1*-23. Suppose -4*m = 3*s - 8 - v, 2*m - s - 13 = 0. Let g(b) = b - 6*b + m*b - 1 - b. Give g(1).
0
Suppose 3*g = 7*g + 3*s - 32, 0 = 4*g - 5*s. Let u(v) be the first derivative of v**4/4 - v**3 - 7*v**2/2 + v - 843. Calculate u(g).
16
Let d(j) = -7*j - 31. Let x be d(-4). Let t(h) = h**3 + 2*h**2 - 4*h - 3. Calculate t(x).
0
Let p(r) = 1. Let w(z) = z - 11. Let m(i) = 4*p(i) + w(i). Determine m(10).
3
Let h = 231 - 237. Let n(s) = s**3 + s - 1. Let p(t) = 5*t**3 + 6*t**2 + 2*t - 7. Let k(j) = 4*n(j) - p(j). Give k(h).
-9
Suppose -4*o = 20, -2*p = 2*o + 9 + 3. Let g be (-3)/p + 2 + -3. Let b(a) = 4*a + 4*a - g + 3. Calculate b(1).
9
Let m(t) = -t**3 + 4*t**2 - 3*t - 2. Let p(y) = -y**2 + y + 1. Let i(w) = -m(w) + p(w). Suppose 6*s = -29 - 13. Let c = s + 11. Determine i(c).
3
Let h(z) = z**3 - 3*z**2 + 3. Let m be 1 - 0 - (0 + -3). Let l be 10/m - 14/(-28). Determine h(l).
3
Let x(p) be the second derivative of -p**5/20 + p**4/2 - p**3/2 - 5*p**2/2 - p + 4. Let o(f) = f**3 + f + 5. Let w be o(0). Give x(w).
5
Suppose -3*m - 5*w = -4 + 19, 0 = m + w + 3. Let x(l) = -l**2 - l + 3. Calculate x(m).
3
Let t(i) = i**2 + 4*i - 11. Let p be 111 - 115 - 3/((-3)/4). Calculate t(p).
-11
Let c(h) be the first derivative of h**4/4 + h**3 + h**2/2 + 3*h + 17. Suppose -b + 4*j = -0*j, 2*b + 4*j - 36 = 0. Suppose 4*w + 0*w + b = 0. Calculate c(w).
0
Let z(i) = -i**2 + 14. Suppose 0 = 2*r + m + 1, -2*r = -r - 2*m - 2. Give z(r).
14
Let f(p) = -4*p**3 - 5*p**2 + 5*p + 2. Let n(s) = -5*s**3 - 5*s**2 + 6*s + 2. Let z(j) = 4*f(j) - 3*n(j). Determine z(-4).
-22
Let k(z) = -z**2 + z + 1. Let d(p) = 4*p**2 - 4*p - 6. Let f(y) = -d(y) - 3*k(y). Let o(h) = -h + 5. Let a be o(7). Let c = a + 2. Give f(c).
3
Suppose -3*q + 9*q = -24. Let m(c) = -337*c + 4 + 337*c - 2*c**2. Determine m(q).
-28
Let g(u) be the first derivative of -u**2/2 - 7*u + 2.